 - 5/2*m**2 - 1/3*m**4 - 2/3*m**3 + 0 + 1/20*m**5. Give l(5).
0
Suppose -63 = 18*w + 45. Let r be (w + (6 - 12))*2/4. Let g(o) = -o**3 - 8*o**2 - 13*o - 7. Give g(r).
-1
Let x(l) = l**2 - 14*l + 27. Let f be x(13). Suppose -g = -f*g - 78. Let c(k) = 7 + k - 2 + 1. Determine c(g).
0
Let k(t) = 33*t + 74. Let h(g) = -19*g - 37. Let y(z) = 7*h(z) + 4*k(z). Calculate y(16).
21
Let y(o) = -5*o. Let m(n) = 7*n - 4. Let u be m(3). Let j = u + -16. Determine y(j).
-5
Let p(i) = -2*i**3 - 23*i**2 + 21*i + 17. Let l(x) = 7*x**3 + 83*x**2 - 76*x - 60. Let m(n) = 5*l(n) + 18*p(n). Suppose o - 4 = -o. Calculate m(o).
-2
Suppose 5*x + 67 = 3*a, -4*a - 3*x - 2 = -14. Let p(d) = d**3 + d**2 + d - 1. Let s(h) = -6*h**3 + 4*h**2 - 6*h + 17. Let v(c) = -5*p(c) - s(c). Determine v(a).
-3
Let g(v) be the third derivative of -v**5/20 - v**4/24 - 71*v**3/6 - 17*v**2 - v. Let d(m) be the first derivative of g(m). Determine d(-3).
17
Let r(o) = 4*o**2. Suppose -c - 2 = -0*c, -3*w - c = 68. Suppose -7*u + 230 = 3*u. Let n = u + w. Give r(n).
4
Let j(y) = -y**3 + 9*y**2 - 11*y + 25. Let h be j(8). Let z(l) = 2*l**2 + 3*l. Let w be z(-2). Let x(n) = 2 - 90*n**w - h + 2 + 89*n**2 + n. Calculate x(6).
-27
Let w(j) be the second derivative of -j**4/12 + 13*j**3/6 - 8*j**2 + 2*j - 194. Determine w(12).
-4
Let q(s) = -s - 1. Let v(o) = 3*o + 3. Let z(r) = -2*q(r) - v(r). Let h = -156 + -97. Let b be (-46)/h + 53/11. Give z(b).
-6
Let b be (-2 + 0)/((-4)/6). Let y(f) = f**2 + 26*f - 357. Let w be y(10). Let o(z) = -z + b*z - w*z. Calculate o(-6).
6
Suppose 3*o + 82 = -152. Let y = o + 81. Let w(c) = c**2 - 2 - 4 + 3 - 3*c - 1. Calculate w(y).
-4
Let p(o) = 25*o**2 + 275*o + 4. Suppose 10*r + 202 - 62 - 30 = 0. Calculate p(r).
4
Let o(g) = g**2 + 27*g + 24. Let k(u) = -4*u + 3. Let s(t) = 2*k(t) + o(t). Determine s(-16).
-18
Let g be ((0 + 0)*(-3)/6)/1. Let n be (-2)/5 + ((-10)/(-25) - g). Let z(d) = -6*d**3 + 5*d - d**2 - 1 - d**3 + n*d**2 - 3*d. Calculate z(1).
-7
Let q(f) = -f**2 - 2*f. Let u(h) = -h - 259*h**2 + 2 + 253*h**2 - 12*h. Let o(c) = -5*q(c) + u(c). Give o(2).
-8
Let m(n) = 20*n + 318. Suppose 220*d + 1501 + 2019 = 0. Determine m(d).
-2
Let m(c) = -4*c + 168 - 169 + 18. Give m(8).
-15
Let p = 90 - 87. Suppose 3*w = 4*a - 12, -p*a - 3 - 1 = w. Let q(k) = -k**3 - 5*k**2 - 2*k - 1. Calculate q(w).
-9
Let s(g) be the third derivative of -1/6*g**4 - 1/10*g**5 + 2*g**2 - 8 + g**3 + 0*g - 1/120*g**6. Determine s(-5).
1
Let x be 890/7565 - (-516)/(-51). Let h(f) be the first derivative of f**2/2 - 8*f - 1. Calculate h(x).
-18
Suppose d + c - 3 = 0, 2*c = 6*c - 20. Let v be (35 + -23)*(-2)/4. Let p be (d + 6 + v)/(1/(-3)). Let x(b) = -b + 6. Calculate x(p).
0
Let r(x) be the third derivative of -x**7/840 - x**6/30 - x**5/10 - 3*x**4/8 + 74*x**3/3 - 32*x**2 + 2. Let j(k) be the first derivative of r(k). Give j(-11).
2
Let r(i) be the third derivative of 0*i + 13*i**2 + 0 - 1/3*i**4 - 1/60*i**5 + 4/3*i**3. Let z = -323 - -315. Give r(z).
8
Let w(i) = -i**3 + 10*i**2 - 8*i + 5. Let x = -29504 + 29513. Determine w(x).
14
Let d = -8315 - -99781/12. Let i(h) be the second derivative of 0 - 1/6*h**3 - 3/2*h**2 - d*h**4 + 8*h. What is i(3)?
-15
Suppose -w + 5*p = -16, 94 = 2*p + 92. Let d(j) = -j**3 + 20*j**2 + 19*j + 48. Give d(w).
6
Let p(s) = -s**2 - 21*s + 25. Suppose -9*l + 5*l + 720 = 2*x, 350 = x + 4*l. Suppose 158 = -24*w - x. Calculate p(w).
3
Let b(h) = -35 + 9 + 5 - h + 3 + 12. Determine b(-2).
-4
Let g(a) = -96*a + 22*a + 39 + 33*a + 37 + 25*a. Determine g(4).
12
Let x(r) = -r - 6. Let g be (15/(-25)*-5)/(1/(-2)). Let b be x(g). Suppose v + 5*m - 5 = 3*v, b = 3*v + 3*m + 18. Let z(o) = o**2 + 6*o. What is z(v)?
-5
Let p(d) = 2*d + 1. Let h = 5 + -2. Suppose h*j + 1 = 19. Let y be j + -2 + 6 + -6. Give p(y).
9
Let s(c) = 45160 + 45240 + 6*c - 90338. Calculate s(-10).
2
Let x be (1 + -3)/(2/(-6)). Let j(g) = -6*g - 16. Let f(m) = -3 + 4*m + 5*m - 8*m - 2*m. Let q(t) = 34*f(t) - 6*j(t). What is q(x)?
6
Suppose 0*a - 4 = -4*a - 4*j, -3*j - 15 = -3*a. Suppose -3*x + 4*l = -1, -190*x + 193*x + 4*l - 17 = 0. Let r(c) = -c**2 - x*c + a - 2 + 2*c + 0. Give r(-2).
-1
Let c(y) = y**3 + 4*y**2 + 2*y - 3. Let v be c(-3). Let z(k) = 111*k. Let j(r) = -334*r + 5. Let x(g) = -j(g) - 3*z(g). What is x(v)?
-5
Let m(o) be the third derivative of -11*o**6/120 - o**5/30 - o**4/24 - o**2 + 140*o - 5. Let c = -7 - -5. Let y be -2 + (-2 - -1 - c). Give m(y).
10
Suppose 3*x - 29 = -4*g, 44*g - 43*g - 6 = -2*x. Let p(k) = 31*k + 3. Calculate p(x).
-28
Let z(b) = 7*b**2 + 10*b. Let h be z(-2). Let g(u) = -5*u - 3*u**2 - 7*u + 2*u**2 + h*u. What is g(-6)?
-12
Let t(h) = h**3 + 6*h**2 + 44*h + 148. Let o be t(-4). Let f(z) = -z**2 + 0 + 4*z + z - 3. Give f(o).
1
Let s(l) = l - 5. Let z(c) = -c + 6. Let j(o) = -3*s(o) - 2*z(o). Let q(u) = u**2 - 2*u - 17. Let w be q(6). Let k = 0 + w. Give j(k).
-4
Suppose 23*x + 24 = 27*x. Suppose 2*j - 3*v + 27 = -x*v, -3*j + 7 = -5*v. Let s(h) = h**2 + 9*h + 8. Give s(j).
-10
Let b(o) be the first derivative of 3*o**2/2 - 33*o + 1631. Determine b(25).
42
Let o be 1*(2 + -3) - -1. Let m(c) = o*c**3 + 4 + 6*c**2 - 8 + c**3. Suppose -35*f - 105 - 105 = 0. What is m(f)?
-4
Let q(s) be the second derivative of -s**3/2 + 19*s**2 + 96*s + 4. Calculate q(8).
14
Let g(m) be the second derivative of m**6/360 - m**5/40 + m**4 - m**3/3 + 83*m. Let z(l) be the third derivative of g(l). Calculate z(-8).
-19
Let c(r) = 2*r**2 + 2*r. Let h be (24/(-6) - -103) + 5 + 3. Let w = h - 109. What is c(w)?
4
Let v(m) = 9210 - 4595 - 4615 - m. Calculate v(-10).
10
Let y(s) = -21*s**3 + 17*s**2 - 6*s - 1. Let i(x) = 43*x**3 - 44*x**2 + 13*x + 2. Let c(a) = 2*i(a) + 5*y(a). Determine c(-1).
19
Suppose 562 - 848 = 26*y. Let o(v) = v**2 + 5*v - 62. Determine o(y).
4
Let u be -3 + 2 - 1 - 0. Suppose 5 = 28*j - 51. Let h(n) = 16 - 18 + 3*n**j + 0 + 2*n. Determine h(u).
6
Let p(a) = 29 + 41*a + a**2 + 41 - 60. What is p(-41)?
10
Suppose 4*y - 5 = 2*j + 3*j, 3*j = -4*y + 29. Let w be (-93)/(-12) - 2/(-8). Let b(x) = -7*x + 7*x**3 + 10*x**2 - 5*x**2 + x + 6 - w*x**j. Calculate b(4).
-2
Let l be ((-1)/(-2))/((-22)/(-352)). Let m(s) = -8*s + 63. Calculate m(l).
-1
Suppose 0 = 97*c + 159 - 785 - 247. Let t(k) = -k**2 + 12*k - 26. Give t(c).
1
Let p(w) = -w**3 - 12*w**2 + 16*w + 27. Let x be -3*((-5)/30)/(8/(-208)). Calculate p(x).
-12
Let w(y) = -4*y - 3. Let u(v) = 12*v + 10. Let t = -16 - -20. Let x = t + 3. Let n(c) = x*w(c) + 2*u(c). What is n(-1)?
3
Let a be 1/(10/5)*10. Suppose -18 = -a*n + 6*n. Let t be (-12)/(-9)*n/4. Let o(h) = h + 11. Give o(t).
5
Let b(f) be the second derivative of f**3/2 - 12*f**2 + 828*f + 1. Calculate b(3).
-15
Let s = 7335 - 7326. Let t(q) = 3*q**2 - 31*q + 33. Give t(s).
-3
Let j(c) = -c**3 + 65*c**2 + 133*c + 68. Let z be j(67). Let r(i) = -5 + 3 + 2*i + 2. Calculate r(z).
2
Suppose 24 = 5*o + 2*p, -2 = -4*o - p + 19. Let t(a) = -2*a + 4*a - a - 2*a + o. What is t(11)?
-5
Let y(o) = -3*o**2 + 3. Let c(g) = -14*g**2 - 2*g + 9. Let s(t) = c(t) - 5*y(t). Calculate s(6).
18
Let n = 41 + -37. Suppose -139 + 31 = -n*m. Let j = m - 26. Let q(c) = -c - 1. Calculate q(j).
-2
Let i(p) = p**3 + 6*p**2 + 7*p + 17. Let m(y) = -3*y**2 - 17*y - 28. Let l be m(-2). What is i(l)?
-25
Let p(x) = -30*x + 265. Let o(g) = 106*g + 115. Let y be o(-1). Give p(y).
-5
Let r(p) = -21*p + 434. Suppose 5*l - 89 = 604*t - 602*t, 18 = 2*l - 3*t. Give r(l).
-7
Let t = -3848 + 3854. Let w(i) = 8*i**2 - 48*i + 10. Determine w(t).
10
Let i(m) be the third derivative of -m**5/60 + 5*m**4/24 + 7*m**3/6 - 2*m**2. Suppose -r = -q - 9, 4*r - 9*q = -12*q + 8. Give i(r).
7
Let r(b) = 43*b**3 + 26 - 122*b**3 + 80*b**3 + 14*b**2 + 3*b. What is r(-14)?
-16
Let v(z) = 11*z**3 - z**2 - z. Suppose 32*d + 194 = -129*d + 33. Give v(d).
-11
Let o(x) be the third derivative of x**7/840 + x**6/90 - 3*x**5/40 - 5*x**4/6 - 51*x**3/2 + 3*x**2 - 23. Let g(v) be the first derivative of o(v). Give g(-5).
0
Suppose 437*z = 416*z - 84. Let m(l) = -3*l**3 - 12*l**2 + 13. Determine m(z).
13
Let s(a) = 17*a**3 - a**2 - 4*a + 17. Let j(c) = 10*c**3 - c + 9. Let q(y) = 5*j(y) - 3*s(y). Calculate q(4).
6
Let y be (6/10)/((1/(-4))/((-45)/(-12))). Let w(d) = d**2 + 4*d - 33. What is w(y)?
12
Let r(l) be the third derivative o